401?
0
What is the thousands digit of 33518?
3
What is the tens digit of 1220?
2
What is the tens digit of 4605?
0
What is the units digit of 221?
1
What is the tens digit of 981?
8
What is the tens digit of 587?
8
What is the thousands digit of 61066?
1
What is the hundreds digit of 153181?
1
What is the tens digit of 563?
6
What is the units digit of 9?
9
What is the tens digit of 542?
4
What is the thousands digit of 12351?
2
What is the units digit of 949?
9
What is the units digit of 4042?
2
What is the hundreds digit of 11158?
1
What is the tens digit of 1468?
6
What is the tens digit of 7502?
0
What is the units digit of 18796?
6
What is the tens digit of 99741?
4
What is the units digit of 58193?
3
What is the ten thousands digit of 15420?
1
What is the hundreds digit of 2245?
2
What is the units digit of 401?
1
What is the tens digit of 143?
4
What is the units digit of 71948?
8
What is the hundreds digit of 9697?
6
What is the hundreds digit of 16478?
4
What is the hundreds digit of 56359?
3
What is the tens digit of 839?
3
What is the tens digit of 263?
6
What is the units digit of 13952?
2
What is the hundreds digit of 4643?
6
What is the tens digit of 132?
3
What is the thousands digit of 58833?
8
What is the tens digit of 3481?
8
What is the hundreds digit of 2265?
2
What is the tens digit of 130053?
5
What is the units digit of 18294?
4
What is the hundreds digit of 440?
4
What is the units digit of 5735?
5
What is the units digit of 20218?
8
What is the hundreds digit of 3055?
0
What is the thousands digit of 138885?
8
What is the thousands digit of 47909?
7
What is the tens digit of 7568?
6
What is the hundreds digit of 11479?
4
What is the tens digit of 22428?
2
What is the hundreds digit of 1671?
6
What is the units digit of 1728?
8
What is the units digit of 7364?
4
What is the tens digit of 716?
1
What is the units digit of 11374?
4
What is the ten thousands digit of 64190?
6
What is the tens digit of 5376?
7
What is the hundreds digit of 1240?
2
What is the hundreds digit of 1015?
0
What is the thousands digit of 1523?
1
What is the units digit of 1097?
7
What is the units digit of 3228?
8
What is the units digit of 4981?
1
What is the tens digit of 126610?
1
What is the tens digit of 549?
4
What is the tens digit of 8841?
4
What is the units digit of 2564?
4
What is the units digit of 3769?
9
What is the tens digit of 10358?
5
What is the tens digit of 46578?
7
What is the hundreds digit of 1244?
2
What is the tens digit of 548?
4
What is the tens digit of 447?
4
What is the hundreds digit of 1665?
6
What is the units digit of 1077?
7
What is the units digit of 1344?
4
What is the ten thousands digit of 24431?
2
What is the tens digit of 1215?
1
What is the hundreds digit of 597?
5
What is the hundreds digit of 514?
5
What is the thousands digit of 59566?
9
What is the tens digit of 7787?
8
What is the hundreds digit of 64196?
1
What is the units digit of 4477?
7
What is the hundreds digit of 3097?
0
What is the thousands digit of 4441?
4
What is the units digit of 10913?
3
What is the thousands digit of 4537?
4
What is the tens digit of 4399?
9
What is the thousands digit of 5873?
5
What is the tens digit of 1635?
3
What is the units digit of 582?
2
What is the units digit of 750?
0
What is the units digit of 2553?
3
What is the tens digit of 1385?
8
What is the tens digit of 57348?
4
What is the ten thousands digit of 78793?
7
What is the units digit of 6818?
8
What is the units digit of 30?
0
What is the tens digit of 31667?
6
What is the hundreds digit of 12004?
0
What is the thousands digit of 3984?
3
What is the thousands digit of 20829?
0
What is the hundreds digit of 147?
1
What is the tens digit of 5443?
4
What is the units digit of 68?
8
What is the hundreds digit of 37521?
5
What is the units digit of 8608?
8
What is the hundreds digit of 704?
7
What is the tens digit of 885?
8
What is the thousands digit of 13081?
3
What is the thousands digit of 1296?
1
What is the thousands digit of 2878?
2
What is the tens digit of 1763?
6
What is the units digit of 593?
3
What is the hundreds digit of 13139?
1
What is the thousands digit of 72136?
2
What is the units digit of 3752?
2
What is the ten thousands digit of 17504?
1
What is the tens digit of 34694?
9
What is the ten thousands digit of 43734?
4
What is the units digit of 888?
8
What is the units digit of 19316?
6
What is the units digit of 12540?
0
What is the tens digit of 835?
3
What is the thousands digit of 52403?
2
What is the thousands digit of 27840?
7
What is the units digit of 935?
5
What is the tens digit of 2814?
1
What is the tens digit of 1949?
4
What is the hundreds digit of 24849?
8
What is the hundreds digit of 36777?
7
What is the tens digit of 24833?
3
What is the tens digit of 16713?
1
What is the tens digit of 59612?
1
What is the hundreds digit of 980?
9
What is the hundreds digit of 9542?
5
What is the thousands digit of 4004?
4
What is the tens digit of 723?
2
What is the tens digit of 851?
5
What is the hundreds digit of 391?
3
What is the tens digit of 385?
8
What is the units digit of 34481?
1
What is the thousands digit of 1337?
1
What is the tens digit of 3884?
8
What is the thousands digit of 44771?
4
What is the units digit of 1481?
1
What is the hundreds digit of 12356?
3
What is the tens digit of 350?
5
What is the units digit of 1834?
4
What is the tens digit of 4553?
5
What is the units digit of 9576?
6
What is the units digit of 11924?
4
What is the ten thousands digit of 57651?
5
What is the hundreds digit of 862?
8
What is the hundreds digit of 2046?
0
What is the thousands digit of 19473?
9
What is the tens digit of 346?
4
What is the thousands digit of 1580?
1
What is the units digit of 2510?
0
What is the ten thousands digit of 201413?
0
What is the units digit of 4584?
4
What is the hundreds digit of 2478?
4
What is the tens digit of 101782?
8
What is the tens digit of 77265?
6
What is the hundreds digit of 8932?
9
What is the units digit of 3295?
5
What is the thousands digit of 27178?
7
What is the ten thousands digit of 16459?
1
What is the tens digit of 10265?
6
What is the thousands digit of 8153?
8
What is the tens digit of 2828?
2
What is the hundreds digit of 4610?
6
What is the hundreds digit of 57309?
3
What is the tens digit of 1000?
0
What is the hundreds digit of 981?
9
What is the tens digit of 16047?
4
What is the tens digit of 7367?
6
What is the tens digit of 29837?
3
What is the thousands digit of 6761?
6
What is the units digit of 2492?
2
What is the hundreds digit of 13103?
1
What is the hundreds digit of 48115?
1
What is the units digit of 57783?
3
What is the units digit of 2911?
1
What is the hundreds digit of 76266?
2
What is the units digit of 2985?
5
What is the units digit of 18573?
3
What is the thousands digit of 11571?
1
What is the ten thousands digit of 24743?
2
What is the tens digit of 11877?
7
What is the hundreds digit of 347?
3
What is the tens digit of 2321?
2
What is the units digit of 2599?
9
What is the tens digit of 1694?
9
What is the hundreds digit of 367?
3
What is the tens digit of 6030?
3
What is the hundreds digit of 32930?
9
What is the hundreds digit of 643?
6
What is the ten thousands digit of 46926?
4
What is the thousands digit of 2407?
2
What is the ten thousands digit of 33327?
3
What is the units digit of 18863?
3
What is the thousands digit of 1133?
1
What is the tens digit of 1074?
7
What is the units digit of 27973?
3
What is the tens digit of 1406?
0
What is the thousands digit of 1093?
1
What is the tens digit of 975?
7
What is the hundred thousands digit of 109275?
1
What is the hundreds digit of 311?
3
What is the ten thousands digit of 19221?
1
What is the units digit of 55866?
6
What is the thousands digit of 1692?
1
What is the units digit of 16387?
7
What is the tens digit of 8256?
5
What is the tens digit of 1085?
8
What is the units digit of 13730?
0
What is the tens digit of 3870?
7
What is the tens digit of 493?
9
What is the tens digit of 38487?
8
What is the ten thousands digit of 20769?
2
What is the hundreds digit of 13002?
0
What is the hundreds digit of 26423?
4
What is the ten thousands digit of 42720?
4
What is the hundreds digit of 1032?
